{"id":66,"date":"2013-12-16T20:05:01","date_gmt":"2013-12-16T18:05:01","guid":{"rendered":"http:\/\/eksruckzuck.de\/blog\/?page_id=66"},"modified":"2017-11-24T20:50:29","modified_gmt":"2017-11-24T18:50:29","slug":"anlage-eks-programmbeschreibung-fur-das-programm-eksruckzuck","status":"publish","type":"page","link":"https:\/\/eksruckzuck.de\/blog\/anlage-eks-programmbeschreibung-fur-das-programm-eksruckzuck\/","title":{"rendered":"Programmbeschreibung"},"content":{"rendered":"<h1><b>Programmbeschreibung zum Ausf\u00fcllen der Anlage EKS mit dem Programm EKSruckzuck<\/b><\/h1>\n<h2>Einen kompletten Programmdurchlauf k\u00f6nnen Sie sich\u00a0 auch auf <a href=\"http:\/\/www.eksruckzuck.de\/\" target=\"_blank\">www.eksruckzuck.de<\/a> oben unter dem Reiter \u201fVideobeschreibung\u201c ansehen. Ich habe dieses Praktische Programm entwickeln lassen, da ich selber oft genug beim Ausf\u00fcllen der \u201fAnlage EKS\u201c vom \u201fJobcenter\u201c verzweifelt bin.<\/h2>\n<p><b>Nachdem Sie das Programm gekauft (und am Besten mit paypal bezahlt haben, dadurch steht Ihnen der Download Link kurzfristig zur Verf\u00fcgung) installiert und ge\u00f6ffnet haben, klicken Sie auf das Feld \u201fNeue Datei erstellen\u201c, geben dort Ihre Monate ein. Markieren \u201fUmsatzsteuerpflichtig\u201c auf \u201fJa\u201c oder \u201fNein\u201c, tragen Sie Ihren \u201fVoraussichtlichen Bewilligungszeitraum\u201c ein und w\u00e4hlen unten unter \u201fVersion des EKS\u201c die aktuellste Ausgabe. <\/b><\/p>\n<p><strong>Hinweis: F\u00fchren Sie immer, wenn Sie mit dem Programm arbeiten, ein Update durch, damit Sie immer mit der aktuellsten Version arbeiten.<\/strong><\/p>\n<h3><b>Dort k\u00f6nnen Sie auch ausw\u00e4hlen, ob die<\/b><b> vorausschauende- oder abschlie\u00dfende Anlage EKS ausgef\u00fcllt werden soll. <\/b><\/h3>\n<p><b>Klicken Sie dann auf \u201fOK\u201c.<\/b><\/p>\n<p><b>Wenn Sie bei Umsatzsteuerpflichtig \u201fJa\u201c ausgew\u00e4hlt haben, stehen Ihnen die verschiedenen Steuerbutton zur Verf\u00fcgung, bei \u201fNein\u201c nicht, da dann alle Berechnungen automatisch ohne Steuerberechnungen (also Brutto) durchgef\u00fchrt werden. Dabei werden alle ausgef\u00fcllten Felder gr\u00fcn markiert.<\/b><\/p>\n<p>Tragen Sie auf den Folgeseiten die angeforderten Angaben ein.<\/p>\n<p>Auf den Seite \u201fEinnahmen \/ Ausgaben\u201c tragen Sie nun Ihre Zahlen ein.<\/p>\n<p>Daf\u00fcr stehen Ihnen 4 Button mit den verschiedenen Steuers\u00e4tzen zur Verf\u00fcgung<\/p>\n<ul>\n<li>Ein Button f\u00fcr 0% Steuer, f\u00fcr Kleingewerbetreibende, bzw. Betr\u00e4ge in denen keine Steuer enthalten ist (<b>gr\u00fcn<\/b>)<\/li>\n<li>Ein Button mit 7 % Steuer, f\u00fcr Blumen, Lebensmittel, Zeitschriften u.s.w. (<b>lila<\/b>)<\/li>\n<li>Ein Button mit 19%, f\u00fcr normale Handelsware und Dienstleistung (<b>gelb<\/b>)<\/li>\n<li>Ein Kombibutton mit gleichzeitig frei w\u00e4hlbaren 0%, 7%, 19%, um unterschiedliche Steuerbetr\u00e4ge in einem Feld berechnen zu k\u00f6nnen. Z. B. Wareneinkauf<br \/>\nvon Privatpersonen = 0%, Tiernahrung = 7%, normale Handelsware = 19%. (<b>blau<\/b>)<\/li>\n<\/ul>\n<p>Das Ganze ist dann total \u00fcbersichtlich, da jeder Steuerbutton eine andere Farbe hat. Mit diesen Farben werden dann auch die jeweils ausgef\u00fcllten Felder hinterlegt.<br \/>\n\u00dcbersichtlicher geht es wohl nicht mehr.<br \/>\nDie Farben werden sp\u00e4ter nat\u00fcrlich nicht mit ausgedruckt.<br \/>\nJedes Zahlenfeld welches Sie ausf\u00fcllen m\u00fcssen, k\u00f6nnen Sie einzeln markieren.<\/p>\n<p><b>So benutzen Sie die verschiedenen Steuerbutton:<\/b><\/p>\n<p>Klicken Sie rechts auf den ben\u00f6tigten Steuersatz, dann klicken Sie in das auszuf\u00fcllende Feld und geben Ihren Betrag ein. Dieses Feld wird beim anklicken des n\u00e4chsten Feldes mit der entsprechenden Farbe hinterlegt. Jedes weitere Feld wird mit diesem Steuersatz berechnet (und farblich markiert) bis Sie einen anderen Steuerbutton angeklickt haben.<\/p>\n<p>Falls Sie einmal vergessen haben, vor Eingabe des Betrages, einen anderen Button zu w\u00e4hlen, kein Problem. Klicken Sie dann einfach auf den gew\u00fcnschten Steuerbutton und danach mit einem Doppelkick in das ausgef\u00fcllte Feld. Beim Klicken in ein weiteres Feld, wir das gerade bearbeitete Feld dann farblich neu markiert und die Steuer automatisch neu berechnet.<\/p>\n<p>W\u00e4hlen Sie den blauen Steuerbutton aus,<br \/>\nstehen Ihnen f\u00fcr die Berechnung in einem Feld die Steuers\u00e4tze 0%, 7%, 19% gleichzeitig zur Verf\u00fcgung.W\u00e4hlen Sie den blauen Steuerbutton, doppelklicken Sie in ein Feld, dann geht ein kleines Popupfenster auf, markieren Sie kurz die Nullen in den entsprechenden Zeilen und geben Ihre Nettobetr\u00e4ge ein.<\/p>\n<p><b>WICHTIG:<\/b><br \/>\nAls \u201fUmsatzsteuerpflichtiger\u201c m\u00fcssen Sie immer Ihre Nettobetr\u00e4ge \u2013 also ohne Umsatzsteuer \u2013 eintragen, da die Steuerbetr\u00e4ge automatisch, auf Grund Ihrer gew\u00e4hlten Markierung, berechnet und in die daf\u00fcr vorgesehenen Felder eingetragen werden.<\/p>\n<p>Als \u201fNichtumsatzsteuerpflichtiger\u201c m\u00fcssen Sie immer den Endbetrag\/Gesamtbetrag (Brutto) von Rechnungen\/Quittungen eintragen, dabei wird keine Steuer berechnet, demzufolge wird auch kein Eintrag in den Steuerfeldern erscheinen.<\/p>\n<p>Es werden alle Berechnungen automatisch durchgef\u00fchrt und in die entsprechenden Felder eingef\u00fcgt.<br \/>\nEgal ob \u00dcbertrag, Gesamtbetrag, Steuerbetrag, Summe, Gewinn, einfach alles.<\/p>\n<p><b>Achtung:<\/b> Bei der \u201f<i><b>abschlie\u00dfenden Anlage EKS<\/b><\/i>\u201c muss die an das Finanzamt gezahlte, bzw. vom Finanzamt erstatte Umsatzsteuer in die Monate eingetragen werden, wann sie tats\u00e4chlich gezahlt, bzw. erstattet wurde!<br \/>\nDeshalb werden in der <i><b>abschlie\u00dfenden Anlage EKS<\/b><\/i> keine Steuerberechnungen<br \/>\nin die Felder <b>B 18 <\/b>eingetragen. Bitte \u00fcbernehmen Sie hierf\u00fcr die Zahlen aus Ihrer BWA \/ E\u00dc (Betriebswirtschaftliche Auswertung \/ Einnahme- \u00dcberschussrechnung) von Ihrem Steuerberater.<\/p>\n<p>Tragen Sie nun noch auf der letzten Seite die geforderten Angaben ein.<\/p>\n<p>Wenn Sie alles ausgef\u00fcllt haben, k\u00f6nnen Sie oben links unter \u201fDatei\u201c &#8211; \u201fSpeichern unter\u201c<br \/>\ndas Formular abspeichern. Das geht nat\u00fcrlich auch zwischendurch.<\/p>\n<p>Drucken Sie danach das Formular aus.<\/p>\n<p>Es wird automatisch in das aktuelle Formular \/ Anlage EKS vom Jobcenter gedruckt. Auch wenn die Bearbeitungsmaske vom Programm etwas anders aussieht. Gedruckt wird direkt in das Formular EKS!<\/p>\n<p>Daf\u00fcr haben wir vom \u201fBundesamt f\u00fcr Arbeit\u201c die schriftliche Genehmigung erhalte!<\/p>\n<p>Also, es muss nichts abgeschrieben oder kopiert werden. wenn Sie Ihr Formular ausdrucken, wird es direkt in das offizielle Formular gedruckt.<\/p>\n<p>Wenn Sie noch nicht sicher sein sollten, wie das Programm EKSruckzuck funktioniert, k\u00f6nnen Sie sich unter <a href=\"http:\/\/www.eksruckzuck.de\/\" target=\"_blank\">www.eksruckzuck.de<\/a> , oben unter dem Reiter \u201fVideobeschreibung\u201c, das Ganze auch im Film ansehen.<\/p>\n<p>Da ich selber wei\u00df das man als Hartz IV Empf\u00e4nger nicht viel Geld hat, habe ich mir \u00fcberlegt, das Programm EKSruckzuck extrem g\u00fcnstig anzubieten. Damit es sich jeder leisten kann.<br \/>\nBei einem Stundenlohn von nur 20,00 Euro inkl. MwSt., haben Sie den Preis f\u00fcr das Programm EKSruckzuck bei nur einer eingesparten Stunde beim Ausf\u00fcllen der <b>Anlage EKS<\/b> schon wieder raus. Rechnen Sie sich mal Ihre gebrauchten Stunden in Lohn um \ud83d\ude09 und das alle halbe Jahre zwei mal wieder!<br \/>\nMein ganzes Umfeld hat mir von diesem Dumpingpreis abgeraten: &#8222;Du musst doch erst mal deine eigenen Kosten (die wirklich nicht unerheblich waren) und deinen eigenen Zeitaufwand (den ich auch nicht mehr in Tagen rechnen kann) rein bekommen&#8220;.<br \/>\nNein! Ich m\u00f6chte, dass jeder von der <b>Anlage<\/b><b> EKS<\/b><strong> Ausf\u00fcllhilfe<\/strong> profitieren kann und das zu einem extrem g\u00fcnstigem Preis.<\/p>\n<p>Die Anlage EKS kann, mit ein wenig \u00dcbung, in unter einer Stunde ausgef\u00fcllt werden!!!<br \/>\nWie viel Stunden oder sogar Tage sitzen Sie an dem Formular?<br \/>\nWie viel Arbeitszeit geht Ihnen dadurch verloren, in der Sie gutes Geld verdienen k\u00f6nnten?<br \/>\nWie viel Nerven raubt Ihnen das st\u00e4ndige hin und her rechen?<br \/>\nWie oft haben Sie das Formular schon ausgef\u00fcllt?<br \/>\nWie oft m\u00fcssen Sie die <b>Anlage EKS<\/b> noch ausf\u00fcllen?<br \/>\nWie viel Geld m\u00fcsste es Ihnen eigentlich wert sein, in einer Stunde fertig sein zu k\u00f6nnen.<br \/>\nWie viel Freizeit h\u00e4tten Sie denn lieber?<\/p>\n<h4>EKSruckzuck. DIE <b>Anlage EKS<\/b><strong> Ausf\u00fcllhilfe<\/strong> vom Feinsten<\/h4>\n<p>Ihr Gerrit Grutzeck<\/p>\n","protected":false},"excerpt":{"rendered":"<p>Programmbeschreibung zum Ausf\u00fcllen der Anlage EKS mit dem Programm EKSruckzuck Einen kompletten Programmdurchlauf k\u00f6nnen Sie sich\u00a0 auch auf www.eksruckzuck.de oben unter dem Reiter \u201fVideobeschreibung\u201c ansehen. Ich habe dieses Praktische Programm entwickeln lassen, da ich selber oft genug beim Ausf\u00fcllen der \u201fAnlage EKS\u201c vom \u201fJobcenter\u201c verzweifelt bin. Nachdem Sie das Programm gekauft (und am Besten mit [&hellip;]<\/p>\n","protected":false},"author":68,"featured_media":0,"parent":0,"menu_order":3,"comment_status":"closed","ping_status":"closed","template":"","meta":{"_links_to":"","_links_to_target":""},"_links":{"self":[{"href":"https:\/\/eksruckzuck.de\/blog\/wp-json\/wp\/v2\/pages\/66"}],"collection":[{"href":"https:\/\/eksruckzuck.de\/blog\/wp-json\/wp\/v2\/pages"}],"about":[{"href":"https:\/\/eksruckzuck.de\/blog\/wp-json\/wp\/v2\/types\/page"}],"author":[{"embeddable":true,"href":"https:\/\/eksruckzuck.de\/blog\/wp-json\/wp\/v2\/users\/68"}],"replies":[{"embeddable":true,"href":"https:\/\/eksruckzuck.de\/blog\/wp-json\/wp\/v2\/comments?post=66"}],"version-history":[{"count":9,"href":"https:\/\/eksruckzuck.de\/blog\/wp-json\/wp\/v2\/pages\/66\/revisions"}],"predecessor-version":[{"id":173,"href":"https:\/\/eksruckzuck.de\/blog\/wp-json\/wp\/v2\/pages\/66\/revisions\/173"}],"wp:attachment":[{"href":"https:\/\/eksruckzuck.de\/blog\/wp-json\/wp\/v2\/media?parent=66"}],"curies":[{"name":"wp","href":"https:\/\/api.w.org\/{rel}","templated":true}]}}