{"id":127,"date":"2014-10-08T17:44:29","date_gmt":"2014-10-08T15:44:29","guid":{"rendered":"http:\/\/eksruckzuck.de\/blog\/?page_id=127"},"modified":"2017-11-24T20:19:02","modified_gmt":"2017-11-24T18:19:02","slug":"partnerprogramm-eksruckzuck","status":"publish","type":"page","link":"https:\/\/eksruckzuck.de\/blog\/neues-und-hinweise\/partnerprogramm-eksruckzuck\/","title":{"rendered":"Partnerprogramm EKSruckzuck"},"content":{"rendered":"<h2>Eksruckzuck steht bald als Partnerprogramm zur Verf\u00fcgung<\/h2>\n<h4><strong>Ja, Sie haben richtig gelesen.<\/strong><\/h4>\n<p>Auf Grund der vermehrten Anfragen habe ich mich entschlossen,<br \/>\ndieses hilfreiche, Zeit- und Nervensparende Programm als Partnerprogramm<br \/>\nweiter zu entwicken.<\/p>\n<p>In K\u00fcrze kann sich jeder, damit meine ich nicht nur unsere Kunden,<br \/>\nmit diesem tollen Programm ein zus\u00e4tzliches Einkommen generieren.<\/p>\n<p>Sie werden sich auf www.eksruckzuck.de, unter dem Link\/Reiter \u201fPartnerprogramm\u201c<br \/>\nregistrieren und einloggen k\u00f6nnen.<\/p>\n<p>Nach der Registrierung erhalten Sie Ihren \u201fPartnerlink\u201c, zudem werden Ihnen noch\u00a0einige Werbemittel zur Verf\u00fcgung gestellt.<\/p>\n<p>Berichten Sie auf Ihrem eigenem Blog \u00fcber das EKSruckzuck und f\u00fcgen Sie Ihren Partnerlink mit ein.<br \/>\nEr\u00f6ffnen Sie einen eigenen Bolg auf dem Sie \u00fcber diese Programm berichten und f\u00fcgen Sie dort Ihren Partnerlink in die Beitr\u00e4ge mit ein.<br \/>\nH\u00e4ngen Sie an jeder eMail die Sie versenden einen Minitext zu diesem Programm inkl. Ihrem Partnerlink mit an.<br \/>\nSchreiben Sie in verschiedenen Foren in denen es um ALG II, bzw. die Anlage EKS geht,<br \/>\neinen kleinen Bericht und geben Sie dort immer Ihren Partnerlink mit an.<\/p>\n<p>Das sind nur ein paar M\u00f6glichkeiten, wie\/wo Sie mit unserem Programm zus\u00e4tzliches Geld verdienen k\u00f6nnen.<\/p>\n<p>Sie haben selbstverst\u00e4ndlich in Ihrem pers\u00f6nlichen Loginbereich Einsicht \u00fcber Ihre Verk\u00e4ufe\/Provisionen.<\/p>\n<p>So. das war&#8217;s mal wieder f\u00fcr heute.<\/p>\n<p>Alles Weitere erfahren Sie in K\u00fcrze.<\/p>\n<p>Anfragen k\u00f6nnen gerne im Vorfeld \u00fcber <a title=\"info@eksruckzuck.de\" href=\"mailto:info@eksruckzuck.de\" target=\"_blank\">info@eksruckzuck.de<\/a> gestellt werden.<\/p>\n<p><em><strong>Wir werden es schaffen<\/strong><\/em><br \/>\nGerrit Grutzeck<\/p>\n<p><a title=\"www.eksruckzuck.de\" href=\"www.eksruckzuck.de\" target=\"_blank\">www.eksruckzuck.de<\/a><\/p>\n","protected":false},"excerpt":{"rendered":"<p>Eksruckzuck steht bald als Partnerprogramm zur Verf\u00fcgung Ja, Sie haben richtig gelesen. Auf Grund der vermehrten Anfragen habe ich mich entschlossen, dieses hilfreiche, Zeit- und Nervensparende Programm als Partnerprogramm weiter zu entwicken. In K\u00fcrze kann sich jeder, damit meine ich nicht nur unsere Kunden, mit diesem tollen Programm ein zus\u00e4tzliches Einkommen generieren. Sie werden sich [&hellip;]<\/p>\n","protected":false},"author":68,"featured_media":0,"parent":85,"menu_order":1,"comment_status":"closed","ping_status":"closed","template":"","meta":{"_links_to":"","_links_to_target":""},"_links":{"self":[{"href":"https:\/\/eksruckzuck.de\/blog\/wp-json\/wp\/v2\/pages\/127"}],"collection":[{"href":"https:\/\/eksruckzuck.de\/blog\/wp-json\/wp\/v2\/pages"}],"about":[{"href":"https:\/\/eksruckzuck.de\/blog\/wp-json\/wp\/v2\/types\/page"}],"author":[{"embeddable":true,"href":"https:\/\/eksruckzuck.de\/blog\/wp-json\/wp\/v2\/users\/68"}],"replies":[{"embeddable":true,"href":"https:\/\/eksruckzuck.de\/blog\/wp-json\/wp\/v2\/comments?post=127"}],"version-history":[{"count":4,"href":"https:\/\/eksruckzuck.de\/blog\/wp-json\/wp\/v2\/pages\/127\/revisions"}],"predecessor-version":[{"id":171,"href":"https:\/\/eksruckzuck.de\/blog\/wp-json\/wp\/v2\/pages\/127\/revisions\/171"}],"up":[{"embeddable":true,"href":"https:\/\/eksruckzuck.de\/blog\/wp-json\/wp\/v2\/pages\/85"}],"wp:attachment":[{"href":"https:\/\/eksruckzuck.de\/blog\/wp-json\/wp\/v2\/media?parent=127"}],"curies":[{"name":"wp","href":"https:\/\/api.w.org\/{rel}","templated":true}]}}